osite number?
False
Is 54882839 a prime number?
False
Is 4517509 a prime number?
True
Is 2587031 a prime number?
True
Is 69660931 a prime number?
True
Is 363199 a composite number?
False
Is 29894803 a composite number?
False
Is 415618985 composite?
True
Is 373147 prime?
False
Is 2158979 a prime number?
True
Is 25152919 a prime number?
False
Is 5728181 a prime number?
True
Is 49989103 a composite number?
True
Is 73923611 prime?
True
Is 93865843 prime?
False
Is 1445501 a composite number?
True
Is 171505307 a composite number?
True
Is 47065 a prime number?
False
Is 150527651 composite?
False
Is 9064633 prime?
True
Is 701385767 composite?
False
Is 13757473 composite?
True
Is 20107337 a prime number?
True
Is 2091638 composite?
True
Is 230114 a composite number?
True
Is 30568841 a prime number?
True
Is 42203087 composite?
False
Is 7448873 a prime number?
False
Is 18178502 a composite number?
True
Is 624595 a prime number?
False
Is 7928329 composite?
False
Is 4432457 composite?
False
Is 4175551 a prime number?
True
Is 167193127 prime?
True
Is 309427 a prime number?
False
Is 428899 composite?
False
Is 139787 a prime number?
True
Is 7701142 a composite number?
True
Is 183185097 a composite number?
True
Is 9900863 composite?
True
Is 2190971 a composite number?
False
Is 10593403 a prime number?
False
Is 2299327 prime?
True
Is 373241483 a prime number?
True
Is 604171 a composite number?
False
Is 705443 a composite number?
True
Is 26956813 a composite number?
True
Is 155634693 prime?
False
Is 63957761 a prime number?
False
Is 19041203 a composite number?
False
Is 1621349 prime?
True
Is 2620811 composite?
False
Is 31758983 a composite number?
True
Is 3277531 prime?
True
Is 255756101 prime?
False
Is 93393197 a prime number?
True
Is 1267037 prime?
False
Is 7800733 prime?
True
Is 325294391 composite?
False
Is 5705231 a composite number?
True
Is 933005285 a prime number?
False
Is 2740291 composite?
False
Is 50287849 composite?
False
Is 427097059 a prime number?
True
Is 2909917 prime?
False
Is 3179047 composite?
True
Is 1699193 a prime number?
True
Is 1102711 a prime number?
False
Is 8661683 a prime number?
True
Is 30061147 a composite number?
False
Is 1844497 prime?
True
Is 41277811 a composite number?
False
Is 2520373 prime?
False
Is 2266297 a prime number?
False
Is 523163 a prime number?
False
Is 17088131 prime?
False
Is 60531749 prime?
False
Is 88348019 prime?
True
Is 13046993 composite?
True
Is 2421271 composite?
True
Is 28342997 composite?
True
Is 28613353 a composite number?
True
Is 1081813 a prime number?
True
Is 4177739 composite?
True
Is 346550489 a prime number?
False
Is 12046427 a prime number?
False
Is 319883 composite?
False
Is 152140399 prime?
False
Is 41443613 a prime number?
False
Is 598995329 composite?
False
Is 147817821 prime?
False
Is 7717757 a prime number?
False
Is 238582781 a prime number?
True
Is 40776077 prime?
False
Is 29446121 a prime number?
True
Is 2073041 prime?
True
Is 1959679 prime?
False
Is 3879067 a composite number?
False
Is 25062581 prime?
True
Is 24737353 a prime number?
False
Is 9318017 a composite number?
False
Is 7644157 a composite number?
False
Is 140446123 a composite number?
False
Is 62817 composite?
True
Is 388541 a prime number?
True
Is 79283351 composite?
True
Is 1062181 prime?
False
Is 69809209 composite?
True
Is 3182963 prime?
False
Is 135823505 a composite number?
True
Is 8149049 prime?
False
Is 31374509 composite?
False
Is 12685439 composite?
True
Is 50855473 a prime number?
False
Is 586321 a composite number?
True
Is 3490111 prime?
False
Is 207341 a prime number?
True
Is 26112971 a composite number?
False
Is 6170077 a prime number?
False
Is 130762651 prime?
True
Is 25237477 a prime number?
True
Is 178783573 a composite number?
False
Is 4113029 composite?
False
Is 20562574 composite?
True
Is 1580113 a composite number?
True
Is 494246063 a prime number?
False
Is 479100959 composite?
False
Is 7894862 composite?
True
Is 20684879 a prime number?
True
Is 4145851 composite?
False
Is 152751941 composite?
False
Is 1576059 prime?
False
Is 4520671 prime?
False
Is 141650207 a composite number?
True
Is 6361009 a composite number?
True
Is 18751994 a composite number?
True
Is 5587969 composite?
False
Is 131959 a prime number?
True
Is 1842703 composite?
False
Is 166727887 a composite number?
True
Is 26860709 a composite number?
True
Is 566821491 composite?
True
Is 62734171 a prime number?
True
Is 2009507 composite?
True
Is 18463829 composite?
False
Is 413469637 prime?
False
Is 25785689 composite?
False
Is 8830697 a composite number?
False
Is 4516279 a prime number?
False
Is 16523967 a composite number?
True
Is 6245717 prime?
True
Is 10186789 prime?
True
Is 82808641 composite?
False
Is 10186667 a composite number?
True
Is 64021987 a composite number?
True
Is 34669561 a composite number?
False
Is 110809 a prime number?
False
Is 28910017 a prime number?
False
Is 744131 composite?
True
Is 107697907 prime?
False
Is 131582207 prime?
False
Is 14539727 prime?
True
Is 5943871 a composite number?
True
Is 22437979 composite?
True
Is 44904722 a prime number?
False
Is 252178217 prime?
True
Is 5640527 composite?
False
Is 3157477 composite?
True
Is 118969391 a prime number?
True
Is 174141159 a composite number?
True
Is 611219 prime?
False
Is 1532959 prime?
False
Is 171013277 composite?
False
Is 772843 prime?
True
Is 48944537 a composite number?
False
Is 2319223 prime?
False
Is 563785505 a prime number?
False
Is 1249697 a prime number?
False
Is 2042477 a prime number?
True
Is 8820527 a prime number?
False
Is 351026443 composite?
False
Is 39336757 prime?
False
Is 28081861 composite?
True
Is 3620741 composite?
False
Is 116729383 a prime number?
False
Is 357117655 composite?
True
Is 97609489 a prime number?
True
Is 2305333 composite?
False
Is 2215193 a prime number?
True
Is 159737 composite?
False
Is 356414641 a prime number?
False
Is 1997771 a prime number?
True
Is 1826309 a composite number?
True
Is 32698579 prime?
True
Is 1673479 a prime number?
False
Is 14566057 composite?
True
Is 18267097 composite?
False
Is 341701 composite?
False
Is 550251179 composite?
True
Is 20184641 prime?
True
Is 57524273 composite?
True
Is 1693723 a composite number?
True
Is 16355467 a prime number?
True
Is 362069 prime?
True
Is 170416097 composite?
False
Is 486499889 composite?
False
Is 4662863 a composite number?
False
Is 1796413 prime?
True
Is 2030059 prime?
False
Is 54578009 a composite number?
True
Is 3891101 composite?
True
Is 111692267 composite?
False
Is 1733209 a prime number?
False
Is 284327 a prime number?
False
Is 429877171 prime?
True
Is 15934081 a prime number?
False
Is 328156051 composite?
True
Is 36407699 composite?
False
Is 5103673 composite?
True
Is 82137833 prime?
False
Is 4471763 composite?
True
Is 109979899 a composite number?
False
Is 22509609 a composite number?
True
Is 1875982 composite?
True
Is 155196169 prime?
True
Is 25672093 a prime number?
True
Is 286289 composite?
False
Is 1618699 a prime number?
False
Is 34135181 a prime number?
True
Is 242042461 composite?
True
Is 22213259 a composite number?
False
Is 100461563 prime?
True
Is 842267 composite?
False
Is 23771393 prime?
False
Is 10809013 composite?
True
Is 5903769 prime?
False
Is 5393633 prime?
False
Is 136552553 prime?
True
Is 127974839 composite?
False
Is 1796413 composite?
False
Is 16564099 prime?
True
Is 100277119 a composite number?
True
Is 11918422 prime?
False
Is 25587013 a prime number?
True
Is 106591 a composite number?
False
Is 22004845 a prime number?
False
Is 2748551 a prime number?
False
Is 5000887 a composite number?
True
Is 16060241 a composite number?
False
Is 51734801 a composite number?
False
Is 12683038 a composite number?
True
Is 1335497 composite?
False
Is 6576571 composite?
False
Is 1783973 prime?
False
Is 13670857 a composite number?
False
Is 33530303 a prime number?
True
Is 9564593 a composite number?
False
Is 49960961 composite?
False
Is 10289141 a composite number?
False
Is 1141463 a composite number?
True
Is 219345151 a prime number?
True
Is 405535997 composite?
False
Is 18013753 composite?
True
Is 72677 a prime number?
False
Is 974459 a prime number?
True
Is 6560767 a composite number?
False
Is 835563507 composite?
True
Is 195781 a prime number?
True
Is